u) = 20*u**3 + 8*u**2 - 6*u + 17. Let i(y) = 6 + 2*y**3 + 5*y**3 - y + 3*y**2 + 0*y**2 - y. Let z(h) = 6*d(h) - 17*i(h). Give z(3).
-6
Let o be (-12)/(((-18)/(-4))/(-3)). Let n = 4 - o. Let r(v) = v**3 + 4*v**2 - v - 3. Give r(n).
1
Let g(a) = a**3 - 6*a**2 + a - 6. Suppose 0 = 3*i - i - 4. Let v be (i - -6) + (-3 - -1). Calculate g(v).
0
Let z(x) = 3*x + 0*x + x - 5*x - 1. Give z(2).
-3
Let v(j) = j**2 - 4*j + 4. Let z be -1*(26/(-10) + 2/(-5)). Give v(z).
1
Let q(b) = -b**2 + 8*b + 2. Let k be q(8). Let z(c) = -2*c**2 + 4*c**2 + 3*c**3 - 2*c**3 + c - c**k. Determine z(0).
0
Let s be (-9)/(-24) + 203/56. Let t(d) = 0*d + 2 + 2*d - 4. Let a(v) = 2*v - 1. Let h(p) = 3*a(p) - 4*t(p). Determine h(s).
-3
Let h(g) = -3*g**2 - 3*g. Let m be (0 + -2)*(-1)/8*-12. Give h(m).
-18
Let r(v) = -v**2 + 4*v. Let a(f) = -2*f - 4. Suppose -z = -o, 0*z + 2*z + o + 9 = 0. Let t be a(z). Suppose -5*l - t*b + 25 = 3*b, -4*l - b = -14. Give r(l).
3
Let z(a) = -a**2 - 6*a - 3. Suppose -3*m = 6 - 45. Let y(b) = -b**3 + 12*b**2 + 13*b - 5. Let f be y(m). Determine z(f).
2
Let h = 1 + -2. Let n(d) = -11*d - 7. Let c(m) = -21*m - 13. Let o(b) = 6*c(b) - 11*n(b). Determine o(h).
4
Let z(j) be the first derivative of 5*j**4/4 + j**3/3 + j**2/2 + j + 1. Let v be z(-1). Let p(x) = -4*x - 6. Give p(v).
10
Let b(u) be the first derivative of -u**4/4 - 2*u**3 - u**2/2 - 3. What is b(-6)?
6
Let l = 5/78 + 4/39. Let r(v) be the third derivative of 0 + 0*v - l*v**3 + 1/8*v**4 - 1/60*v**5 - 2*v**2. What is r(1)?
1
Suppose -3*h + 33 = 3*y, -4*h + 18 + 11 = y. Let b(w) = h + 0*w**2 - w**2 - 1. What is b(0)?
5
Let a(w) = 5*w**2 - 24*w - 12. Let u(i) = -i**2 + 6*i + 3. Let x(n) = -2*a(n) - 9*u(n). What is x(-7)?
-10
Suppose 4*i = 1 + 7. Suppose -5*s + i*r + 16 = 46, 2*r - 18 = 2*s. Let g be (-1)/(-1 + s/(-6)). Let m(z) = z**3 - 2*z**2 - 2*z. What is m(g)?
3
Let w(b) be the third derivative of -b**8/20160 + b**7/2520 - b**6/360 - b**5/30 + 4*b**2. Let s(m) be the third derivative of w(m). What is s(3)?
-5
Let r = 6 - 7. Let w be 4/2 - (-2 - r). Let z(c) be the third derivative of -c**5/30 + 5*c**4/24 - c**3/2 - c**2. Determine z(w).
-6
Let y = 0 + -2. Let d(b) = -b**3 - 2*b**2 + 2*b + 3. Determine d(y).
-1
Let d = -9 + 8. Let y(u) = -7*u. What is y(d)?
7
Let h be 1/(-4) + 9/4. Suppose 4*o = 5*j - o + 45, 0 = h*j - 3*o + 22. Let k(w) = 5 + w - 1 + 2. Calculate k(j).
1
Let i(q) be the first derivative of -q**2/2 - q + 1. Suppose -w - 3*w = -20. Suppose 0 = -2*l + 1 - w. Give i(l).
1
Let a(v) = 3*v**2 - 1 + 0*v**2 - 2*v**2 + v. Let q be (-5)/(-25) + (-11)/5. Determine a(q).
1
Let a(m) = -2*m + 1. Suppose 0 = 4*o - 0*o - 4*k - 28, -o - 4*k + 7 = 0. Let t = o - 3. Suppose 2*j + 2*j = d + 21, t*j - 20 = 0. Determine a(d).
3
Suppose 5*v - 39 = -6*t + 2*t, 0 = -t - 2*v + 12. Let c(q) = q**3 - 6*q**2 - 2*q + 4. Calculate c(t).
-8
Let k(f) = -4*f**2 + 12*f + 6. Let d(y) = 5*y**2 - 13*y - 6. Let g(u) = -5*d(u) - 6*k(u). Give g(-5).
4
Let c be 18/3*1/3. Suppose 0 = -3*l + c*l + 1. Let a(d) = -2*d**2 - 6*d**2 + 0*d**2 + 24*d - 23*d - 1. Give a(l).
-8
Let t(n) = -6*n**2 + 7*n - 10. Let q(r) = 6*r**2 - r. Let a be q(-1). Let l(u) = -5*u**2 + 6*u - 9. Let v(o) = a*l(o) - 6*t(o). Determine v(3).
6
Let k be (1*2)/((-10)/(-25)). Suppose -8 - 7 = -k*f. Let c(n) = -f*n**2 + 4*n**2 + 1 + 1 - 2*n. What is c(3)?
5
Suppose i = -4*f + 2, 3*i - 6 = -0*f + 2*f. Let c(u) = u**2 + 5*u. Let x be c(-5). Let j(r) = -r**2 - 3 + x*r**2 - r + 9. Calculate j(f).
6
Let m(v) = 4 + 6 - 3 + v - 2. Determine m(0).
5
Suppose -3*j + 3*u = -22 - 11, 3*j - 5*u - 43 = 0. Suppose j = 3*p - 4*p. Let s(l) = l**3 + 7*l**2 + 8*l + 8. Determine s(p).
-4
Suppose -10*p = -7*p + 21. Let i = p + 3. Let m(j) = -j**2 - 3*j + 5. Calculate m(i).
1
Let i = -15 + 26. Let d(o) = 20*o + 1. Suppose -2*h - 3 = 1. Let s(q) = 4*q. Let k(g) = h*d(g) + i*s(g). Calculate k(-2).
-10
Let o(z) = -z - 9. Let p(c) = c + 4. Let s(n) = 2*o(n) + 5*p(n). Calculate s(3).
11
Let l(v) = 4*v**2 - 5*v - 1. Let x(z) = -3*z**2 + 4*z + 1. Let a(b) = -2*l(b) - 3*x(b). Suppose -3*o + 12 = 3*f, -f = 3 - 4. Determine a(o).
2
Let x(d) = 2*d - 4. Let g = 35 - 16. Suppose -5*b + g = -6. Give x(b).
6
Let u(x) = 2*x + 1. Let w(p) = p**3 + 3*p**2 - 6*p - 4. Let z be 8/20*-1*10. Let o be w(z). Determine u(o).
9
Let g = 7 + -2. Suppose 0*u + 30 = g*u. Let w(z) = z - 6. Determine w(u).
0
Suppose 0*b - 88 = -4*z + 2*b, -2*b = -3*z + 68. Suppose -5*v + 5*t = z, 3*v + 6 = -t + 2*t. Let y(h) = -2*h. What is y(v)?
2
Let b(c) be the second derivative of c**4/6 + 5*c**3/6 + 2*c**2 + 3*c. Determine b(-3).
7
Let q(u) be the third derivative of -u**5/60 - u**4/8 - u**3/2 + 2*u**2. Let x = -62 - -58. What is q(x)?
-7
Let x be (19/(-2))/((-1)/2). Let w(f) = -13 + x + 4*f - 4. What is w(-3)?
-10
Let p(h) = -h - 1. Let g(o) = 7*o + 21. Let y be g(-3). Calculate p(y).
-1
Let t = 28 - 27. Let u(a) = 20*a + 1. Give u(t).
21
Let a(z) = -5*z - 6. Let m(g) = -11*g - 13. Let k(s) = 13*a(s) - 6*m(s). Give k(-4).
-4
Let m(b) = 2*b + 3. Let g(u) = -17*u - 21. Let y(a) = -4*a - 5. Let f(i) = 4*g(i) - 18*y(i). Let q(w) = -4*f(w) + 7*m(w). Calculate q(-3).
3
Let u(o) = o + 10. Let a be u(-7). Suppose -a*p - 5 = 4. Let k(z) = -z**3 - 5*z**2 - 3*z + 3. Calculate k(p).
-6
Let p be (0 + 0)/(14/7). Suppose p = -0*w - 2*w - 6. Let b(z) be the second derivative of -z**3/6 - z**2/2 + 2*z. What is b(w)?
2
Let l be ((-10)/6)/(1/3). Suppose 5 = 2*m - 3. Let k(z) = 0 + 2 + z**2 - 2 + m*z. Give k(l).
5
Let z = -157 - -223. Let s be (-318)/z + (-4)/22. Let o(r) = r + 7. Give o(s).
2
Let g(y) = -y**2 + 4*y + 5. Let s be g(3). Let i(k) = k**2 - 8*k + 2. Determine i(s).
2
Let z(m) = 3*m + 3. Let c = -79 + 76. Give z(c).
-6
Suppose u = -4*u + 270. Let g be 2/(-6) - (-180)/u. Let k(r) = r**2 - 4*r. Calculate k(g).
-3
Let a(t) = -t**2 - 9*t + 6. Let q be a(-9). Let v(p) = -p**2 + 6*p - 1. Calculate v(q).
-1
Let z(w) = w + 6. Let a be z(-4). Let l(s) be the third derivative of s**6/120 - s**5/20 + s**4/24 - s**3/6 - 15*s**2. Calculate l(a).
-3
Let v = -21 + 30. Suppose -3*c + 6*c - v = 0. Let q(p) = -p + p**2 - 2*p - 1 + p. Calculate q(c).
2
Let h(y) = -y**2 - 4. Suppose -2*i = 4*s + 10, -5*s - 4*i = -0*s + 14. Let u be 3 + 0*(-1)/s. Determine h(u).
-13
Let r be (-272)/44 - (-4)/22. Let o be 2/(((-20)/r)/5). Let n be (-3 + o)*(-1)/3. Let a(k) = -k**2 + k - 6. Give a(n).
-6
Let i(w) be the first derivative of -w**3 + w - 8. Give i(-1).
-2
Let d(x) be the third derivative of -x**6/120 - x**5/12 + 7*x**4/24 + 4*x**3/3 + 5*x**2. Determine d(-6).
2
Let d(g) = 5*g - 3*g + 2 + 8 + 0*g. Let k be d(-8). Let q = k + 3. Let r(y) = y + 4. Give r(q).
1
Let j(w) = -3*w - 4 + 4*w + 0*w. Let a be j(6). Let d(x) = -3*x + 7*x + 5 + 4*x**2 + a*x**3 - 3. Give d(-2).
-6
Let y(v) = -v**3 + 3*v**2 - 4. Let i be (-2 - -1)*(-3)/1. Suppose -j + 14 = -i*j. Let a be (-38)/(-14) + (-2)/j. Calculate y(a).
-4
Let q(u) = 7*u**2. Let t be (-51)/(-12) - (-1)/(-4). Let d(x) be the first derivative of x**4/4 - 5*x**3/3 + 3*x**2/2 + 3*x + 2. Let m be d(t). Calculate q(m).
7
Let o(f) = 3*f. Let n(d) = d**2 + 6*d + 4. Let t be n(-5). What is o(t)?
-3
Let j(l) = -l. Let x(r) = -2*r**2 - r + 5. Let s(v) = v**2 + v - 1. Let t(h) = 4*s(h) + x(h). Let b(f) = -5*j(f) - t(f). Give b(1).
-1
Let g(p) be the first derivative of 2*p**2 + p + 4. Determine g(-1).
-3
Let p(i) = -i**3 + 3*i**2 - 2*i + 4. Let j = 3 - 4. Let q be ((-12)/(-20))/(j/(-5)). Determine p(q).
-2
Let x(r) = -20*r**3 + 19*r**3 + 0 - r + 4 - 2*r**2 - 2*r**2. What is x(-3)?
-2
Let f = -8 - -34. Suppose -4*i = -t + 2*t - 18, 0 = 3*t + 5*i - f. Let o(d) = 1 + d + t*d**2 + d - 3 - d**3. What is o(2)?
2
Suppose 0 = v - 8 + 1. Let w(p) = -p**2 + 5*p + 7. What is w(v)?
-7
Let h be (-1 - -27) + 3*-1. Let k(y) be the first derivative of 23*y - h*y - y**2 - 5. Give k(3).
-6
Let v(f) = -2*f - f**2 + 0*f**2 + 4 + 0*f. Suppose -1 = k + 1. Let s be 1/(1*k/10). Give v(s).
-11
Let v(m) = -9*m + 2*m - 14*m**2 + 15*m**2. Determine v(6).
-6
Let a = -3 + 7. Let w(r) = -a*r + r - 2 + r + r. Determine w(2).
-4
Let z = -1 - -3. Let p(u) = 2 - 16*u - 18*u + 32*u. Give p(z).
-2
Let c(k) = k + 69 - k**2 - 69. What is c(1)?
0
Let t = 2197/12 + -183. Let a(w) be the second derivative of 3/20*w**5 - 1/6*w**3 + 0 + 2*w - t*w**4 + 0*w**2. 